*p + 4*p = -86. Let s = p - -30. Let f = 35 + s. Calculate the highest common factor of 2 and f.
2
Suppose -6*r = -7 - 161. What is the greatest common factor of 7 and r?
7
Let l(r) = 2*r - 2. Let v be l(2). Let j(y) = 11 + v*y + 2*y - y. Let i be j(11). Calculate the highest common factor of 22 and i.
22
Let u = 3 - -1. Let l be (36/(-21))/(u/(-14)). Calculate the highest common divisor of 12 and l.
6
Let b be 5 + (-4 + 2)/1. What is the greatest common factor of b and 24?
3
Suppose 288 = 3*m - 339. Calculate the highest common divisor of m and 19.
19
Let j(h) = 3*h**2 + 5*h - 4. Let b be j(3). Let r = -22 + b. What is the highest common divisor of r and 160?
16
Suppose 87 = 3*u - 27. What is the highest common factor of u and 19?
19
Let x(o) = 83*o + 5. Let c be x(7). Suppose 5*p - c = -n, 3*p - 3*n = -n + 349. Let m = 20 - 7. Calculate the highest common divisor of p and m.
13
Suppose 4*n = n + 210. What is the highest common divisor of n and 14?
14
Let v(j) = 2*j - 11. Let g be v(8). Suppose -1 = 3*m + 5, g*c + 3*m - 124 = 0. Calculate the greatest common divisor of c and 104.
26
Let l be ((-184)/(-2))/(-1 + 3). Suppose -3*k + 51 + 42 = -3*h, -2*k = h + 22. Let o = l + h. What is the highest common divisor of o and 162?
18
Let q = 3 + 0. Suppose 5*x - 2*g - 58 + 6 = 0, -q*x + 52 = 4*g. Let u be (-1430)/(-11) + (0 - -2). What is the highest common divisor of x and u?
12
Suppose -j + 74 - 11 = 0. Calculate the greatest common factor of j and 42.
21
Let i = 26 - 138. Let q = -79 - i. Let v be 3/9*9*1. Calculate the greatest common factor of v and q.
3
Suppose -12*v = -8*v - 56. Let q(f) = f**2 + f - 7. Let k be q(0). Let g be (-4)/(-14) - 782/k. Calculate the highest common factor of v and g.
14
Let b(r) = 5*r**2 - 3*r - 6. Let c be b(-3). Calculate the highest common divisor of c and 12.
12
Let c be -3 + (-3)/(6/(-62)). Calculate the highest common divisor of c and 14.
14
Suppose 4*y = -4*c + 18 + 6, -4*y - 8 = -4*c. Suppose y*h = -0*h + 48. What is the greatest common divisor of 60 and h?
12
Let q = -12 - -27. Calculate the greatest common divisor of q and 5.
5
Suppose l = -5*r + 18, -4*r = -2 - 2. Calculate the highest common factor of l and 65.
13
Suppose 0 = 4*t - 7*t + 12. Calculate the greatest common factor of 44 and t.
4
Suppose -3*r = -4*q + 49 + 87, 2*q - 2*r = 68. Let b(f) = f**3 + 2*f**2 - 5*f + 4. Let g be b(3). What is the highest common divisor of q and g?
34
Let f(t) = -3*t - 1 - 3*t - 3*t. Let l be f(2). Let k = -3 - l. What is the greatest common divisor of k and 64?
16
Let q(p) = -p**3 - 8*p**2 - 13*p + 3. Let t be q(-7). Calculate the greatest common divisor of t and 30.
15
Let k = 2 - -34. Let j(o) = -11*o - 1. Let x(c) = -c**2 - 5*c + 1. Let p be x(-6). Let i be j(p). What is the greatest common factor of k and i?
18
Suppose 0 = 3*p + 5*g - 43, -2*p + 3*g - 6 = -3. Calculate the greatest common factor of 66 and p.
6
Let y = 24 - 11. Let k = 4 + 0. Suppose k*b = 128 + 132. What is the greatest common factor of y and b?
13
Suppose 4*x - 157 - 35 = 0. Calculate the greatest common divisor of x and 6.
6
Let y be (-2 + 3)/(3/(-111)). Let j be 1 + -2 + 0 - y. Calculate the highest common divisor of 24 and j.
12
Let l be (3/1)/(-2 - -3). Let h = 640 + -276. Suppose -l*j + 356 = 5*m + j, -5*m = -4*j - h. Calculate the greatest common factor of m and 8.
8
Suppose 10 = -2*q, 2*q - 6*q - 6 = 2*f. What is the greatest common factor of 14 and f?
7
Let a(q) = -q**3 - 11*q**2 - 12*q - 15. Let m be a(-10). Suppose 3*l - 4*v = -2*l + 186, 3*l - 122 = m*v. What is the highest common divisor of 51 and l?
17
Suppose z - 28 = -4*q, 0 = -2*z + 2*q + 23 + 63. Let a(h) = h**2 - 6*h + 16. Let m be a(6). Calculate the highest common divisor of z and m.
8
Suppose -3*d + 5*a = 16, 0 = -2*d - 0*a - 5*a + 31. Suppose d*g = 2*g + 8. Suppose -4*y = 0, 8 = -3*k + 5*k - 5*y. What is the highest common factor of g and k?
4
Let m(x) = 6*x**2 - 6*x + 8. Let g be m(4). What is the greatest common factor of 64 and g?
16
Let v = -8 + 15. Let q(o) = o**3 - 7*o**2 + 4. Let m be q(v). Let l = 38 + m. What is the highest common divisor of l and 14?
14
Suppose -3*m - 4*w = -293, -4 = 4*w - 0. Suppose -49 = -3*q - 16. What is the highest common factor of m and q?
11
Suppose -5*s - 4*t + 68 = 0, 0*t = 5*s + 3*t - 71. Let f(y) = y**2 - 15*y - 10. Let j be f(s). What is the greatest common factor of 2 and j?
2
Let q be (7 + -2)*(0 + 1). Let f(g) = -9*g + 8. Let y be f(-8). Let b = y - 55. What is the highest common divisor of q and b?
5
Let x = 16 - 14. Suppose -2 = 2*o - 28. Let c = o + x. Calculate the highest common factor of c and 165.
15
Suppose g = 6*g - 25. Suppose 23 + 7 = g*w. What is the greatest common factor of 48 and w?
6
Let z(j) = -j**2 + 7*j + 5. Let c be z(5). Let o = c + -6. Let f be 2/((-4)/(-162) + 0). What is the greatest common factor of f and o?
9
Suppose 203 = 2*c - 5*d, 466 - 164 = 3*c - 5*d. What is the highest common divisor of 11 and c?
11
Let a(n) = n**3 + 21*n**2 - 3*n - 31. Let b be a(-21). Calculate the greatest common divisor of b and 64.
32
Let l = 2 + 1. Suppose -n = l*n - 160. Calculate the greatest common factor of n and 60.
20
Suppose -3*w = 2*w - 120. Let r be (1/(-1))/1*-3. Calculate the highest common factor of w and r.
3
Let d(l) = -l - 2. Let s be d(0). Let a be (-66)/(-14) - s/7. Suppose a*r = 2*r + 135. What is the highest common divisor of r and 5?
5
Let z = 4 - 1. Suppose q + 5*b - 162 = 0, -8*q - z*b = -3*q - 744. Calculate the greatest common divisor of 21 and q.
21
Suppose -11 - 103 = 3*j. Let o = j + 65. Suppose 5*y - 38 = -5*f + 4*f, -3*y = -2*f + 24. What is the greatest common divisor of o and f?
9
Let q(d) = -d**2 - 4*d + 5. Let p = 9 - 14. Let n be q(p). Suppose 4*f + 3*x - 96 = n, -3*f + 12 = -2*x - 43. Calculate the highest common factor of f and 7.
7
Let m = 4 + -4. Suppose 2*t - 281 = i, -3*i = -m*t + 2*t + 811. Let o = -183 - i. What is the greatest common factor of 10 and o?
10
Let q(g) = 3*g**2 + 5*g - 2. Let h be q(-7). Let d be (2 - 1) + (-46)/(-2). Suppose d + 26 = 5*n. Calculate the highest common divisor of h and n.
10
Suppose 0*d = d - 3. Let w(s) = -s**2 - 5*s - 6. Let g be w(-5). Let x be ((-4)/g)/(d/27). Calculate the greatest common factor of 3 and x.
3
Let z be (-39)/26*60/(-2). Calculate the highest common divisor of z and 18.
9
Let v(l) = 5*l**2 + 5*l + 10. Let h be v(-6). Calculate the greatest common factor of 32 and h.
32
Let t = -14 + 44. Let m(z) = -z**2 - z + 90. Let s be m(0). Calculate the highest common factor of s and t.
30
Let l = 57 + 24. What is the highest common divisor of 9 and l?
9
Suppose 3*b = 27 + 27. Let x = -6 + b. Let z be ((-8)/12)/(1/(-18)). Calculate the greatest common divisor of x and z.
12
Suppose 2*t + 4 = -0. Let a = t - -2. Suppose 5*y - 5*c - 70 = 0, -3*y = c - a*c - 26. Calculate the highest common factor of 20 and y.
10
Suppose 8*f + 49 - 129 = 0. Calculate the highest common divisor of 15 and f.
5
Suppose -5*i = -2*d - 1008, 4*d + d = -4*i + 780. What is the greatest common divisor of 25 and i?
25
Let p be (-5 + -47)*(-2)/4. Let u = p - 14. What is the highest common divisor of u and 108?
12
Let l(z) = z - 10. Let b be l(5). Let i = 13 - b. Calculate the highest common divisor of i and 90.
18
Let k = 19 + -27. Let y be 1 + -2 - (-3 - 16). Let x = y + k. Calculate the highest common factor of x and 2.
2
Let r = -21 + 33. What is the greatest common divisor of 18 and r?
6
Let j(m) = -m**2 + 13*m + 5. Let p be j(7). Calculate the highest common divisor of p and 141.
47
Let j(g) = -143*g**3 + g**2 - 1. Let y be j(-1). Suppose -4*w + 87 - 19 = 0. Let q = 30 - w. What is the highest common factor of y and q?
13
Let d = -43 + 44. What is the highest common factor of d and 3?
1
Suppose 0 = -0*v + 7*v - 126. What is the greatest common divisor of v and 2?
2
Let g(i) = 4*i + 8. Let y be g(7). Calculate the highest common divisor of 24 and y.
12
Suppose 8*f = 4*f + 8. Calculate the greatest common divisor of f and 7.
1
Suppose 2*k + 3*k = -4*w + 81, -4*k + 62 = 3*w. What is the greatest common divisor of w and 126?
14
Suppose -4*a = -13 - 251. What is the highest common factor of 44 and a?
22
Let o(v) = 2*v**2 + 33*v + 30. Let c be o(-16). What is the greatest com